 185. Give n(-12).
2357
Let v(k) = -2*k**3 - 89*k**2 - 732*k + 896. Give v(-33).
5
Let h(v) = 734*v + 4655. Give h(-6).
251
Let y(k) = k**3 - 109*k**2 + 2456*k + 3962. What is y(76)?
10
Let u(o) = -151*o - 29924. Give u(-200).
276
Let f(c) = -c**3 + 12*c**2 - 78456*c + 862901. Give f(11).
6
Let q(v) = v**2 - 1777*v - 39571. What is q(-22)?
7
Let r(l) = 8*l**3 + 53*l**2 - 2*l + 149. Give r(-7).
16
Let q(h) = -5*h**2 - 240*h + 3323. Calculate q(-59).
78
Let k(j) = -211*j + 60863. Give k(287).
306
Let r(v) = -11710*v - 93993. Give r(-8).
-313
Let h(o) = 1973*o - 51226. Calculate h(26).
72
Let q(s) = -32*s**2 - 858*s - 5369. Determine q(-10).
11
Let z(i) = i**3 + 39*i**2 + 915*i + 11408. Give z(-21).
131
Let z(h) = -52*h**2 + 45079*h + 45079. Give z(-1).
-52
Let k(m) = -m**2 + 3955*m + 15864. Give k(-4).
28
Let j(q) = -q**2 + 2672*q + 89264. Give j(-33).
-1
Let h(i) = 492*i + 527. Give h(-6).
-2425
Let l(b) = -546*b - 134734. Calculate l(-247).
128
Let a(r) = r**3 + r**2 - 5511*r - 16500. Determine a(-3).
15
Let r(g) = 14978*g + 254316. What is r(-17)?
-310
Let s(n) = n**2 - 538*n - 17007. Give s(-30).
33
Let a(m) = 675*m + 150537. Calculate a(-223).
12
Let j(b) = 3*b**3 - 300*b**2 + 3169*b - 11. Give j(12).
1
Let k(o) = -6*o**2 + 874*o + 2975. Give k(149).
-5
Let b(p) = -143*p**2 - 118*p + 227. What is b(2)?
-581
Let w(c) = -2*c**2 - 197892*c - 593675. Calculate w(-3).
-17
Let m(n) = 2*n**3 - 1669*n**2 - 66308*n + 114. What is m(-38)?
38
Let j(a) = 2*a**2 + 124*a - 6200. Determine j(37).
1126
Let m(g) = -2*g**3 - 244*g**2 + 17648*g + 2153060. Give m(-122).
4
Let b(a) = 36818*a + 4013124. Calculate b(-109).
-38
Let p(q) = -1421*q + 147777. Determine p(104).
-7
Let q(z) = 18*z**2 + 7056*z - 35793. Calculate q(-397).
-63
Let q(g) = 2836*g + 52430. What is q(-18)?
1382
Let s(a) = -399*a + 5164. Determine s(12).
376
Let c(j) = -20*j**2 + 8*j + 7. What is c(-7)?
-1029
Let b(k) = k**3 + 28*k**2 + 300*k + 1063. Determine b(-6).
55
Let y(u) = 6*u**3 + 358*u**2 + 2123*u + 144. Give y(-53).
-15
Let c(p) = 11*p**3 + 636*p**2 + 168*p - 467. Determine c(-1).
-10
Let p(q) = -6*q**2 + 3122*q - 7244. What is p(518)?
8
Let s(n) = 1010*n + 650. Give s(-1).
-360
Let q(j) = 4*j**2 - 401*j + 2871. Calculate q(7).
260
Let b(d) = 18*d**2 + 1085*d - 6468. Give b(6).
690
Let m(b) = -432*b**3 - 13*b**2 + 32*b + 38. What is m(-1)?
425
Let i(c) = 2659*c - 29201. Determine i(11).
48
Let b(o) = o**3 + 39*o**2 - 221*o - 88. Give b(6).
206
Let u(i) = 29*i**3 + 1656*i**2 + 168*i - 136. Give u(-57).
35
Let l(c) = -60*c**2 + 530*c + 2. Determine l(9).
-88
Let i(w) = 3*w**2 + 540*w - 3258. Calculate i(-185).
-483
Let x(d) = 24*d**3 + 2523*d**2 + 313*d - 198. Calculate x(-105).
12
Let n(p) = -3*p**3 + 28*p**2 - 2*p + 83. What is n(9)?
146
Let u(i) = i**3 - 11*i**2 - 250*i + 391. Give u(-12).
79
Let n(b) = -b**2 + 3400*b - 114461. Give n(34).
-17
Let k(t) = -t**3 + 19*t**2 + 54*t - 107. Determine k(20).
573
Let i(w) = 313142*w - 1252552. Determine i(4).
16
Let p(u) = -100*u - 8802. What is p(-88)?
-2
Let s(j) = j**2 - 1915*j + 9553. What is s(5)?
3
Let b(l) = -2*l**3 - 202*l**2 - 166*l + 3451. What is b(-100)?
51
Let j(f) = -3*f**2 + 4*f + 5571. Determine j(46).
-593
Let j(c) = 29784*c + 15160057. Give j(-509).
1
Let x(c) = 2*c**3 - 5*c**2 - 27*c - 7. Determine x(0).
-7
Let z(q) = -9*q**2 - 306*q + 6121. Give z(-49).
-494
Let u(s) = 87*s + 764. Give u(16).
2156
Let y(h) = 1652*h**3 - 11*h**2 + 112*h - 101. Calculate y(1).
1652
Let a(t) = 3*t**3 - 310*t**2 - 211*t + 455. What is a(104)?
143
Let g(w) = 351*w + 114. What is g(0)?
114
Let y(v) = -167859*v + 1846469. Determine y(11).
20
Let b(v) = -6496*v - 97438. Give b(-15).
2
Let h(i) = -i**3 + 47*i**2 - i - 2147. What is h(46)?
-77
Let r(y) = 71*y**2 + 191*y - 592. Calculate r(3).
620
Let n(h) = 12469*h - 1932683. What is n(155)?
12
Let n(d) = 83*d - 129. Give n(8).
535
Let b(k) = 33*k**2 - 5236*k - 17811. What is b(162)?
9
Let x(r) = -140*r - 14572. What is x(-104)?
-12
Let q(w) = -52*w**3 + 26734*w**2 - 3089*w + 2547. Give q(514).
-23
Let i(m) = -375*m + 89624. Determine i(239).
-1
Let q(g) = 928560*g - 1856965. Calculate q(2).
155
Let j(w) = 5*w**3 + 29*w**2 - 131*w - 661. What is j(-3)?
-142
Let m(t) = -117908*t + 5895508. Give m(50).
108
Let o(v) = -117341*v + 704036. What is o(6)?
-10
Let f(u) = -465*u + 26549. Determine f(57).
44
Let d(o) = -39*o**3 - 3814*o**2 + 784*o + 11. Calculate d(-98).
11
Let u(p) = 10*p**2 - 2433*p - 9882. What is u(-4)?
10
Let k(p) = -283*p**2 - 3536*p + 1867. What is k(-13)?
8
Let s(z) = 130*z**2 - 5036*z - 41633. Give s(-7).
-11
Let j(q) = 7*q**2 + 515*q - 18478. Give j(-100).
22
Let k(m) = -872*m**3 - 8718*m**2 - 4*m - 213. Determine k(-10).
27
Let h(o) = -111*o**2 + 22102*o - 2468. Calculate h(199).
119
Let x(n) = -n**3 + 254*n**2 + 11748*n - 472. What is x(-40)?
8
Let d(w) = 2*w**3 - 117*w**2 + 1645*w - 100543. What is d(59)?
-7
Let u(p) = -20*p**2 + 137*p - 28. Determine u(6).
74
Let r(v) = -5*v**2 - 98*v + 319. What is r(-26)?
-513
Let w(p) = 2627*p + 302712. Give w(-115).
607
Let y(w) = -18489*w - 36090. Give y(-2).
888
Let h(n) = -2*n**3 - 197*n**2 + 491*n + 324. Calculate h(-101).
1738
Let m(n) = -1170*n + 263264. Calculate m(225).
14
Let z(w) = -1437756*w + 4313267. Determine z(3).
-1
Let a(k) = -7*k**2 - 1313*k - 2621. Give a(-2).
-23
Let r(c) = -1204*c + 338329. Determine r(281).
5
Let u(l) = 187*l**2 - 8981*l - 235. Calculate u(48).
-475
Let r(y) = -2341*y + 30690. Determine r(13).
257
Let k(l) = l**3 - 111*l**2 + 2414*l - 12261. Determine k(84).
3
Let b(o) = o**2 + 772*o - 58896. What is b(70)?
44
Let h(m) = -59*m**2 - 886*m - 30. Determine h(-15).
-15
Let r(t) = 39056*t - 4881991. Calculate r(125).
9
Let z(r) = -r**3 - 666*r**2 + 1342*r + 4002. Calculate z(-668).
-6
Let g(r) = -r**2 - 30606*r - 6. Determine g(0).
-6
Let v(o) = 11*o**2 - 1316*o - 1320. Determine v(-1).
7
Let t(o) = -24*o**3 + 3*o**2 + 47*o + 166. Calculate t(-4).
1562
Let i(q) = -17137*q - 2004989. What is i(-117)?
40
Let o(f) = 1887*f**2 + 907648*f + 477. What is o(-481)?
-4
Let o(n) = -472*n**2 - 35*n - 5. What is o(-1)?
-442
Let v(p) = 657*p - 8549. Determine v(14).
649
Let y(t) = 4*t**2 - 952*t - 1835. Determine y(240).
85
Let q(a) = a**3 + 141*a**2 - 466*a - 84869. Determine q(-140).
-29
Let s(g) = -13*g**3 + 74*g**2 + 111*g + 74. What is s(7)?
18
Let u(g) = 345*g + 31798. Calculate u(-92).
58
Let j(k) = -2*k**3 + 146*k**2 - 10*k + 730. Give j(73).
0
Let v(j) = -744*j - 6927. Give v(-9).
-231
Let o(v) = -v**2 - 144*v - 684. Give o(-140).
-124
Let s(r) = -474729*r - 1424216. Calculate s(-3).
-29
Let t(n) = -2*n**3 - 1962*n**2 + 17822*n + 1987. Give t(-990).
7
Let v(q) = q**2 + 7413*q - 96591. Determine v(13).
-53
Let d(i) = -60*i + 1422. Calculate d(20).
222
Let g(d) = 2375*d + 2449. Give g(-1).
74
Let b(o) = 4*o**2 - 1029*o + 11044. Determine b(242).
-3718
Let a(j) = -j**2 + 149*j - 6516. Calculate a(80).
-996
Let y(k) = -k**3 - 2*k**2 + 295*k + 206. What is y(17)?
-270
Let x(u) = -6*u**2 - 50*u - 765. What is x(-8)?
-749
Let y(p) = 104*p + 3089. What is y(-25)?
489
Let c(s) = -4515*s + 9502. Give c(2).
472
Let a(u) = u**2 - 1475*u + 84922. Give a(60).
22
Let m(p) = 16*p**2 - 1026*p - 894. Give m(65).
16
Let y(r) = -2*r**3 + 2455*r**2 - 30333*r - 51018. What is y(1215)?
12
Let w(z) = -5115*z - 71528. What is w(-14)?
82
Let d(q) = -5*q**3 - 166*q**2 + 170*q - 76. What is d(-34)?
-1232
Let v(i) = -13*i**2 - 409*i - 1337. What is v(-40)?
-5777
Let i(q) = q**3 + 35*q**2 - 14*q - 1639. Determine i(-34).
-7
Let y(r) = r**3 + 133*r**2 + 2458*r + 306916. Give y(-132).
-116
Let s(u) = -88*u**2 - 53*u - 57. Give s(-7).
-3998
Let w(d) = d**3 - 205*d**2 + 5691*d - 2567. What is w(172)?
13
Let n(v) = -38218*v - 38150. Determine n(-1).
68
Let m(y) = -4055*y - 223148. What is m(-55)?
-123
Let f(z) = -5*z**2 + 71*z + 88. What is f(17)?
-150
Let n(t) = t**2 + 330*t + 347. Determine n(0).
347
Let g(t) = 9*t**2 + 748*t - 534. What is g(-83)?
-617
Let a(z) = z**3 + 338*z**2 - 3125*z - 245. Calculate a(-347).
449
Let u(l) = -7923*l**2 - 71307*l - 2. What is u(-9)?
-2
Let d(o) = o**3 - o**2 + 780*o + 7829. What is d(-9)?
-1
Let p(w) = -w**3 + 7*w**2 - 43*w - 169. Give p(6).
-391
Let p(w) = -4*w**2 - 1076*w - 12776. Determine p(-12).
